 3*w, -5*b - 2*w = 2*w - 344. Let x = 108 - b. Suppose -h - x = -2*h. What is the greatest common divisor of h and 144?
36
Let h = 15 + 47. Suppose 0*g + 4*g = 620. What is the greatest common divisor of g and h?
31
Suppose -15 + 123 = 36*h. Suppose -h*g + p = -699, 652 - 193 = 2*g - 3*p. What is the greatest common factor of 52 and g?
26
Let w(u) = 8*u**2 - 14*u + 4. Let h be w(2). Suppose 1872 = -h*g + 26*g. Calculate the greatest common factor of g and 16.
8
Suppose -7*t + 484 = -3*t. Suppose -2*x + x + 4 = 0. Suppose -x*y = 7*y - 121. What is the highest common divisor of y and t?
11
Let q(n) = 50*n**2 - 10*n - 11. Let y be 2/6*(10 - 16). Let z be q(y). Calculate the greatest common factor of 33 and z.
11
Let g(n) = 20*n + 8. Suppose 2*p + 3*a = a, -3*a - 8 = -p. Let x be g(p). What is the greatest common divisor of 96 and x?
48
Let z be ((-12)/(-20))/((-13)/(-65)). Suppose 2*k + 6 = 3*k + 2*f, 0 = -4*k + z*f + 24. Calculate the highest common factor of k and 44.
2
Suppose 0 = 2*t, 3*r - 5*t = 33 + 198. Let x = r + -73. Calculate the greatest common divisor of 4 and x.
4
Let d be 376/4 - 32/(-32). Calculate the greatest common factor of 76 and d.
19
Let o(x) = -8*x**2 - 72*x + 32. Let h be o(-6). Suppose 5*f + 26 = 4*m - 33, 3*f + 45 = 3*m. What is the highest common factor of m and h?
16
Let w(x) = -2*x**3 + 20*x**2 + 25*x - 53. Let k be w(9). Calculate the highest common divisor of 34 and k.
2
Let k(o) = -2 - 5 + 0*o**2 + 0 + 2*o**2 - o**2 - 14*o. Let m be -2 + (-60)/(-4) + 2. Let y be k(m). What is the greatest common factor of 12 and y?
4
Suppose w + 2*w = 6, l = -5*w + 735. Suppose -2*d + l = -21. Suppose -53 = 4*z - d. What is the highest common divisor of z and 32?
16
Suppose 0 = -x + 6 - 2, 94 = 2*b + x. Suppose -5*i = 5*r - 115, 3*r = -1343*i + 1353*i + 4. Calculate the highest common divisor of r and b.
9
Let a(x) = -144*x + 3548. Let r be a(-13). What is the highest common divisor of r and 4?
4
Suppose 29 = v + 2*a, 383*v = 384*v + 5*a - 44. Calculate the highest common divisor of v and 6403.
19
Suppose -20*z - 21*z = -37*z - 16808. Calculate the highest common factor of z and 110.
22
Suppose 0 = -2*p - 5*h + 45, -39*p + 38*p + 4*h = -55. Suppose p*b - 33 = 247. What is the highest common divisor of b and 72?
8
Let h = -12637 + 12893. What is the highest common divisor of h and 1104?
16
Suppose -105*i + 103*i = c - 5504, 4*c - 5*i = 22003. What is the greatest common factor of c and 210?
42
Let x(t) = 4*t + 499. Let o be x(-63). Suppose -u = 3*u - 4*m - 56, 0 = 4*u - 2*m - 66. Calculate the highest common factor of o and u.
19
Let j(y) = 4*y**3 - 28*y**2 - 16*y - 3. Let w be j(9). Let o = w + -429. Calculate the greatest common divisor of 468 and o.
36
Let n be 1 - 5 - (7 + -263). Suppose y + 235 = n. Calculate the highest common factor of 391 and y.
17
Let p(a) = a**3 - 27*a**2 + 22*a - 27. Let j(w) = w**2 + w - 3. Let b(f) = 4*j(f) - p(f). Let g be b(30). Calculate the greatest common divisor of g and 30.
15
Suppose -7*l - 3*y - 185 = -2*l, -2*y - 70 = 2*l. Let r be (27/2 - 3)/(3/l). Let i be (-66)/(4 + r/32). What is the greatest common factor of 16 and i?
16
Let r = 1934 - 1951. Let m(q) = -1 + 2*q - 4*q - 28. Let u be m(r). Calculate the greatest common divisor of u and 2.
1
Let r be 33 - 9/(18/(-4)) - -9. Calculate the highest common factor of 16 and r.
4
Suppose -z - 2 = b, b + 1 = -3. Let d(h) = h - 1. Let c(w) = w + 34. Let p(x) = z*d(x) + c(x). Let q be p(-8). What is the highest common factor of q and 2?
2
Suppose -4*p + 21724 = 4*c, -p + 37*c = 35*c - 5440. What is the greatest common divisor of p and 26?
26
Let p = 15 - 12. Suppose -w - p*w + 52 = 0. What is the greatest common factor of 65 and w?
13
Let o = -2634 - -3232. What is the highest common factor of o and 26?
26
Suppose -887 = -6*c + 769. Let a = 483 - c. What is the greatest common divisor of a and 23?
23
Suppose 8046*a - 3072 = 8022*a. Let g be -36*1*6/(-9). What is the highest common factor of g and a?
8
Let o = -56 + 64. Suppose 53 = -o*v + 181. Let d = 93 - -19. Calculate the greatest common factor of v and d.
16
Let j = 15217 - 3665. What is the greatest common divisor of 32 and j?
32
Let p be (64/2)/(2/4). Suppose 84*n - 10175 = 8514 - 6593. Calculate the highest common factor of n and p.
16
Let b(t) = 12*t - 3. Suppose 3*u + 3*k + 30 = 0, -17 - 27 = 5*u + 3*k. Let l = u - -10. Let m be b(l). Calculate the highest common factor of m and 11.
11
Suppose 33 - 98 = -5*o + s, -3*o + 5*s + 61 = 0. Let k be 152/o + (-6)/9. Let d = -304 - -436. Calculate the greatest common divisor of d and k.
12
Let j = -8812 - -20573. Calculate the greatest common divisor of 152 and j.
19
Let z = 14252 + -2402. Calculate the highest common factor of z and 150.
150
Suppose 0 = -13*x + 38*x - 6*x - 160512. Calculate the highest common divisor of 33 and x.
33
Let s = 4363 + -2888. What is the highest common factor of 75 and s?
25
Let v(t) = 5*t**2 - 7*t - 6. Let c be v(4). What is the highest common divisor of c and 23?
23
Suppose 2*y = l - 74, -2*y - 2*y + 188 = 2*l. Suppose l + 186 = 6*w. Calculate the greatest common factor of w and 30.
15
Let z be (28 - 11) + -12 - (-30)/4*234. Let n(a) = 14*a**2 - 7*a + 5. Let j be n(3). Calculate the highest common factor of z and j.
110
Let p be (-2)/(-4)*(14 + 4). Suppose 3*q = -5*u + 92, 14*u + q - 94 = p*u. Let v be (0 - -2) + 73 - -1. What is the highest common factor of u and v?
19
Let d be 6/(-30) - (-871)/5. Let v = 369 + -374. Let j be (v + d/24)/((-2)/(-8)). What is the greatest common factor of j and 3?
3
Suppose -5*i = 2*m - 125, -74*i - 75 = -77*i - 3*m. Calculate the greatest common factor of i and 111.
1
Suppose -2*l + 216 - 204 = 0. Let o(z) = z**3 - 4*z**2 + 9*z + 16. Let s be o(l). What is the highest common factor of 213 and s?
71
Let t(y) = -2*y**3 - 17*y**2 + 4. Let j be t(-12). Suppose 3*k - j = -k. Calculate the greatest common divisor of k and 23.
23
Suppose -29 = 5*k - 209. Let z(w) = 27*w**2 - 342*w - 1404. Let n be z(-4). Calculate the greatest common factor of n and k.
36
Let c be (1/(-5))/(2/(-4))*260. Let f be 12*(5 - (1 + 1)). Suppose -3*k = 3*u - f, 0 = -u - 2*k - 0 + 11. What is the highest common factor of c and u?
13
Let f(z) = -z**3 + 25*z**2 - 61*z + 206. Let v be f(19). What is the highest common divisor of 1 and v?
1
Let k be (-6)/(-9)*(-1 + 16). Suppose -5*x = -2*m - 680, -3*x + 209*m - 214*m + 470 = 0. Calculate the highest common factor of k and x.
10
Let c be (-820)/(-34) + 1/(-68)*8. Suppose 5*h + 4 = t, 2*t = 4*h + 7*t - 20. Suppose h = -8*j + 64 + c. What is the greatest common divisor of j and 121?
11
Let p = 1958 - 1955. Let v be -1 + (-3 - (-1 + 0)). Let t be (v - (-692)/12)/(1/p). What is the highest common factor of t and 41?
41
Let y(v) = v**2 + v + 105. Let j be y(0). Suppose -6*l = -j + 3. Let h(d) = 74*d - 1. Let i be h(3). What is the highest common divisor of l and i?
17
Suppose 0 = -6*j + j - 40. Let r be (44/j)/(1*1/(-6)). Suppose 0*u = -4*u + 88. What is the highest common divisor of u and r?
11
Let s(p) = 217*p**2 + 880*p + 4428. Let n be s(-5). What is the highest common divisor of n and 133?
133
Suppose 3*h - 87 = -3*l, 0 = 3*l - 5*h + h - 59. Let o(b) = b**3 + 2*b**2 + 8*b + 17. Let k be o(-2). Calculate the greatest common divisor of k and l.
1
Suppose 731*x - 752*x = -1512. What is the highest common divisor of 198 and x?
18
Let y be ((-2181)/(-2) - -4)/((-50)/(-1800)). What is the greatest common divisor of y and 198?
198
Let t(d) = -7*d - 3. Let r be t(-4). Suppose 18*q + 0*q = 199*q - 27150. What is the highest common factor of r and q?
25
Let t = 291 - 211. Suppose t + 92 = h. Suppose -5*z + 5*f = -230, -3*z + 2*f = -4*z + 37. Calculate the greatest common factor of h and z.
43
Let s be (-3)/(-4) + -1 + 13598/(-104). Let p = s - -156. Calculate the highest common divisor of p and 475.
25
Let w be 95*11*10*(-4)/(-100). Suppose 9*r - w + 121 = 0. Let t be r/(-6)*8/4*-2. Calculate the greatest common factor of 198 and t.
22
Let u(l) = -l**2 + 0*l**2 + 2*l**2 - 28 - l + 12*l. Let s be u(4). Suppose 0 = -4*p + s + 24. Calculate the highest common factor of p and 56.
14
Suppose 0 = m - 110 + 105. Suppose 0 = m*q - 2*q - 2*j - 118, 113 = 3*q - j. Calculate the highest 